11*o + 16. Let q(h) = -4*h**2 - 33*h - 48. Let z(n) = 7*j(n) + 2*q(n). Does 15 divide z(m)?
False
Is 2 a factor of 6 - 2 - (-4 + (-5)/(-1))?
False
Suppose 78 = 3*g - 48. Is g a multiple of 14?
True
Suppose l = 3*l + 5*x + 25, -2*l + 10 = -2*x. Let r = 2 - l. Suppose -r*m + 14 + 12 = 0. Is m a multiple of 13?
True
Let j(m) = 26*m - 3. Is j(2) a multiple of 15?
False
Suppose 0 = -4*c + 11*c - 784. Does 16 divide c?
True
Suppose 0 = w - 4*w + 12. Is 18/4 + (-2)/w a multiple of 3?
False
Let g(n) = 51 - 2*n**2 + 3*n**2 - 2*n + n. Does 17 divide g(0)?
True
Suppose 4*z = -0*u + 2*u - 36, 2*z + 2*u + 12 = 0. Let w = 23 + z. Does 13 divide w?
False
Let u = 3 - -5. Is u a multiple of 4?
True
Is 11 a factor of -2*115/(-2) + -10 + 7?
False
Let y be (42/(-12))/(2/(-4)). Let r(t) = 15*t**2 + y*t - 5*t**2 - t + t**3 - 8 - 5. Is 12 a factor of r(-9)?
False
Let h be 2/8 + (-38)/(-8). Suppose u + 208 = h*u. Suppose -2*q + 20 + 16 = 3*x, 3*q + 4*x = u. Is 9 a factor of q?
False
Let y be (2 + 1/(-1))*-1. Let s be ((1 - 4)/(-3))/y. Is (-4 - -24)*s/(-2) a multiple of 10?
True
Let k be (-2 - 16/(-12))*-12. Suppose k*h = -4*y + 3*h + 17, -4*y + 3*h + 9 = 0. Is y even?
False
Let f = 48 - -37. Is 11 a factor of f?
False
Suppose 3*q + 0 + 3 = 0. Let p be 22/6 + q/(-3). Suppose 5*c - 52 + 8 = -p*u, -4*u = -5*c + 76. Does 12 divide c?
True
Let c(p) be the first derivative of -5*p**2 - 2*p + 2. Let i be c(2). Let j = 56 + i. Is j a multiple of 17?
True
Let b(s) = -s**3 + 7*s**2 + s - 6. Let w be b(7). Suppose 13 = 3*n + w. Is n a multiple of 4?
True
Let t be -1 - (-13 - (0 - 2)). Let z(i) = -i**2 + 7*i - 6. Let g be z(5). Suppose y - t = -2*k + 45, g*k + 4*y - 100 = 0. Is 15 a factor of k?
True
Suppose 0 = 5*m - 3*m - 4. Let f(c) = c**3 - 2*c. Let r be f(m). Suppose -r*z + 34 = 5*o, 37 = -4*o + 5*z + 97. Does 4 divide o?
False
Let j(c) = c**3 - 7*c**2 + 7*c + 3. Does 13 divide j(7)?
True
Let d be ((-12)/(-9))/(8/12). Suppose d*f - 225 = -5*c - 0*c, 180 = 4*c + 2*f. Is c a multiple of 17?
False
Suppose 2*x + x = 15. Suppose 17 = x*h - 3. Suppose -t + h*m + 12 = 0, 0*t - 5*m - 6 = t. Does 4 divide t?
True
Let p = 7 - -53. Does 20 divide p?
True
Suppose -3*i + 110 = 2*i. Suppose -w - 5*m = -i, w - 3*m - 46 = -2*m. Is w a multiple of 17?
False
Let j = 57 + -21. Does 8 divide j?
False
Let d(a) = 3*a**2 - 3 - 4*a + 0 + 5 + a**3. Let z be d(-4). Suppose -z*n = 2*n - 44. Is 11 a factor of n?
True
Let d be (2/4)/((-2)/(-8)). Suppose 0 = d*v + 10 + 6. Does 2 divide v/(-5) - (-4)/10?
True
Let a be (-8)/(-32) + (-437)/4. Let v = -73 - a. Does 12 divide v?
True
Suppose -3*j + 195 = 5*p, -5*p + 195 = -0*p - 4*j. Is 10 a factor of p?
False
Let l(a) = -10*a + 4. Does 14 divide l(-8)?
True
Let i be (1/2)/(-1)*-14. Let l(w) = w + 5. Is l(i) a multiple of 7?
False
Suppose -3 = -k, 5*k + 33 = -4*o + 4*k. Does 4 divide 3/1*(-24)/o?
True
Suppose -5*h - 5*p + 49 + 21 = 0, -p + 48 = 3*h. Is h a multiple of 17?
True
Let j(m) = -1. Let z(v) = -7*v - 6. Let u(y) = -10*j(y) + 2*z(y). Let h be 3/(-2) + 2/(-4). Is u(h) a multiple of 10?
False
Let i = 1 + 2. Suppose -5*w + r - i*r = -208, 4*w + 2*r = 166. Does 14 divide w?
True
Suppose 2*s + 4 + 0 = 0, -l + 5 = -s. Let d be 1/(-1)*-5 + l. Suppose 2*y = -4*x + d + 28, x - 63 = -5*y. Is 6 a factor of y?
True
Let b = -88 - -130. Is b a multiple of 14?
True
Let d = -3 + 4. Is 14 a factor of d + 110/(-6)*-3?
True
Let m(n) = 24*n**2 - 1. Is 14 a factor of m(2)?
False
Let d(v) = v + 5. Suppose -12 = -2*c - 2*n, -3*n - 20 = -2*c + 7. Is 4 a factor of d(c)?
False
Suppose 2*a - 6 = -4. Let p(l) = -3*l - 1 + 16*l - 2*l - 4*l. Is 3 a factor of p(a)?
True
Let n = -32 - -47. Does 10 divide n?
False
Let w(j) = 11*j - j**2 + 2 - 5 + 0*j**2 + 1. Is w(9) a multiple of 8?
True
Suppose 0 = -4*l + 3*g + 54, 3*l + 4*g - 40 = -l. Is 3 a factor of l?
True
Let c = 96 - -2. Is c a multiple of 29?
False
Let f(h) = 2*h**3 - 3*h**2 - 7*h + 6. Is f(4) a multiple of 21?
False
Let r = 6 + -3. Suppose 2*a - r = -a. Does 9 divide a + -2*34/(-4)?
True
Suppose 5*k = 3*r + 17, 0 + 2 = 2*r. Suppose 0*o + 3*o = -4*s + 25, k*s + 95 = 5*o. Is 2 a factor of (o/12)/1*4?
False
Let s(m) = m + 6. Let l be s(5). Let n = l + -6. Is 2 a factor of n?
False
Let a = 3 - 1. Suppose 0 = p - 20 - a. Is 11 a factor of p?
True
Is (1 - 1) + (0 - (1 - 4)) a multiple of 3?
True
Let q(h) = h**3 - 5*h**2 + 4*h + 1. Let t be q(3). Let x be (-93)/(-15) - (-1)/t. Let m(l) = -l**2 + 9*l - 7. Does 11 divide m(x)?
True
Let c = 10 - 29. Suppose -3*q - 23 = 3*m + 13, 3*m - 13 = 4*q. Let y = q - c. Does 5 divide y?
False
Suppose -3*z + 4*m + 1 = 0, 5*z + 0 + 6 = -m. Let u = 1 - z. Is 7 a factor of (-10 - (0 + u))/(-1)?
False
Suppose 15 = 2*z + 3*z. Suppose z*t = 139 - 49. Is t a multiple of 10?
True
Let d = -15 - -22. Let h be ((-3)/(-1) + -2)*d. Let w(n) = -n**3 + 7*n**2 + 2*n + 10. Is 11 a factor of w(h)?
False
Suppose -f = -5*f + 324. Does 18 divide f?
False
Let w(b) = -3*b + 8*b + 4*b + 6*b. Is w(1) a multiple of 15?
True
Suppose -4 - 6 = -5*o. Suppose -o*n + 205 = 3*n. Is 15 a factor of n?
False
Let z(u) = u**2 - 4*u - 4. Suppose -r - r = -20. Does 14 divide z(r)?
True
Let d(r) = -r**3 - 10*r**2 + 7*r + 13. Does 14 divide d(-11)?
False
Let u(d) = 7*d**3 + d**2 + d - 1. Let y = -4 - -3. Let x = y + 2. Does 8 divide u(x)?
True
Let i = -145 - -74. Let n = -41 - i. Is 8 a factor of n?
False
Is 9 a factor of (7/(-21))/(3/(-486))?
True
Let h = 90 - 32. Suppose -8 = -3*l + h. Is l a multiple of 11?
True
Suppose 0*c + 76 = 2*c. Does 19 divide c?
True
Suppose 0 = -5*t - 2*u + 33, -2*u - 2*u - 9 = -5*t. Suppose 8 - 235 = -3*m - 4*v, 4*v = t*m - 389. Is 19 a factor of m?
False
Suppose -a = -3*a. Suppose 3*w - 4*g - 10 = a, -4*w - 3*g - g - 24 = 0. Does 10 divide (w - (-21 - 1))/1?
True
Let c = -75 + 112. Does 9 divide c?
False
Suppose 0*q - 11*q + 2431 = 0. Is 17 a factor of q?
True
Suppose 5*f = 5, 2*x + f + 251 = 4*x. Is 28 a factor of x?
False
Suppose -5*d = -3*d + 2. Let x be (3 - 5)/(1*d). Suppose 97 = -0*u + 2*u - 5*w, 3*w = x*u - 103. Is u a multiple of 20?
False
Let v(j) = -2*j**3 + 3*j**2 - j + 2. Let w be v(2). Let t be (-3)/(9/6) + w. Is t/(-27) - (-16)/9 a multiple of 2?
True
Suppose 5*h + 28 = 3*l, -5*l + h = -13 - 63. Is l a multiple of 16?
True
Let h(j) be the second derivative of -j**4/12 + j**3/6 - j**2/2 - j. Let o(b) = 3*b**2 - 8*b - 4. Let l(a) = -2*h(a) - o(a). Is 8 a factor of l(5)?
False
Let c(j) = j**3 + 5*j**2 - j + 1. Let r be c(-5). Let a(f) = 2*f**2 + 6*f. Let m be a(-4). Is 15 a factor of (-30)/m*(r + -10)?
True
Let m(h) = -2*h - 9. Is m(-9) even?
False
Let f = -4 - -7. Suppose 15 = f*a, 4*o + 4*a - 13 = 3. Is 8 a factor of o/3 + 55/3?
False
Let s(l) = 2*l**2 + 2*l - 4. Let q be s(-3). Suppose 2*g - 64 = -q. Is 14 a factor of g?
True
Let q(k) = -16*k - 3. Let r(j) = -31*j - 5. Let o(z) = -7*q(z) + 4*r(z). Does 13 divide o(-1)?
True
Let w be 22/(-6)*(16 - 13). Let u(q) = q**3 + 11*q**2 - q + 4. Does 6 divide u(w)?
False
Let q = -6 - -10. Suppose -s - 2*s = 3*k, q*k - 6 = -2*s. Let f = k - -7. Is 5 a factor of f?
True
Suppose 4*c + s + 2 = -0, -2*s = 3*c + 4. Suppose i + 3 - 12 = c. Is i a multiple of 9?
True
Let n(i) = -2*i**2 - 11*i - 6. Let d(l) = l**2 + 5*l + 3. Let u(r) = 7*d(r) + 3*n(r). Let g be u(-2). Suppose -25 = -g*q + 2. Is q a multiple of 5?
False
Let r(v) = v - 11. Let h be r(8). Is (-81)/h + 6/2 a multiple of 15?
True
Let v = -5 - -8. Suppose 2*m - 159 = -5*u, -3*u = -2*u + v*m - 37. Does 20 divide (-6)/3 + (u - 1)?
False
Suppose 8*r - 76 = 4*r. Does 9 divide r?
False
Let j = -131 + 222. Is j a multiple of 20?
False
Is 36 a factor of ((-48)/15 + 2)*-90?
True
Let t = 60 + -7. Let p = -34 + t. Does 13 divide p?
False
Let z = -38 - -73. Is z a multiple of 7?
True
Let u(i) be the first derivative of 4/3*i**3 - 4*i - 1/4*i**4 + 3*i**2 - 1. Is 20 a factor of u(4)?
True
Let w(u) = -u**3 + u**2 + 20. Let c(v) = v**3 - v**2. Let p = -2 + 2. Let x be c(p). Is 10 a factor of w(x)?
True
Suppose -n + 91 = -g + 2*g, 4*n + 5*g - 360 = 0. Suppose 3*k = n + 43. Is k a multiple of 14?
False
Let y(h) be the third derivative of -h**6/60 - h**5/60 - h**4/12 + h**3/6 - 3*h**2. Let u be y(2). Let s = -12 - u. Is 11 a factor of s?
True
Let i(d) = d**3 - 8*d**2 + 6*d + 7. Let v be i(7). Let m(c) = v - c**2 